3)/18*-4. Let v(d) = -t*d**2 + 2 - d**o + 7*d**2 + 0*d**2 + d - 4*d**2. Determine v(2).
0
Let q(r) = r**3 + 4. Let w = -50 + 53. Let m be (w + (3 - 7))*0. Determine q(m).
4
Let r(q) = -2*q**2 - 26*q - 44. Let i be r(-10). Let x(o) be the second derivative of 3/2*o**2 + 1/2*o**3 + 0 - i*o. What is x(-2)?
-3
Let c(u) = 11*u**2 - 4*u - 21. Let p = 104 - 102. Let o(n) = 18*n**2 + p*n + 14*n**2 + 14 - 39*n**2 + n. Let q(m) = 5*c(m) + 8*o(m). Give q(5).
2
Let j(c) = -c**3 + c + 18. Let f(z) = 3*z**2 + 29*z + 43. Let d be f(-8). Let g be j(d). Let v(r) = -r**3 - 5*r**2 + 6*r - 13. Give v(g).
-13
Let c(a) = -a**2 - 9*a + 6. Let k be (68/(-119))/(-3 + (-19)/(-7)). Suppose 0*l + 36 = 4*f - 2*l, -3*f + 28 = -2*l. Suppose k = -d - f. Give c(d).
-4
Suppose -18 = -4*i + 2*s, -4*i + 2 = 5*s + 19. Let m(p) = -i*p**2 + 13*p**3 + 43 + p**2 + 0*p**3 + p - 7*p**3 - 5*p**3. What is m(0)?
43
Suppose 6*q + 71 = 35. Let s(p) be the second derivative of p**4/12 + p**3 - 3*p**2/2 - 6*p. Let d(z) be the first derivative of s(z). Give d(q).
-6
Let b(w) = -w**2 - 7*w + 1. Let m(o) = o**2 + 4*o - 5. Suppose 5 = -2*n - 1. Let a be m(n). Let i(y) = y**2 + 10*y + 8. Let l be i(a). Calculate b(l).
-7
Let v(d) = 46*d**2 - 572 - 517 - d**3 - 15*d**2 + 978 + 36*d. Calculate v(32).
17
Suppose -d + 1 = -5. Let w(z) = -20*z**2 + 14*z + 35*z**2 - 17*z**2 - 6. Let n be w(d). Let b(l) = -2*l + 9. Determine b(n).
-3
Suppose -3*z - 3 = 3*g, 230*g = 228*g - 5*z + 13. Let x(f) = -13*f - 65. Give x(g).
13
Let l(k) = -59*k**2 - 59*k + 6. Let a(q) = -128*q**2 - 125*q + 12. Let v(r) = 6*a(r) - 13*l(r). Let m(f) = -2*f + 6. Let d be m(-5). Determine v(d).
10
Let f(n) = -30*n - 11. Let h(r) = -16*r - 5. Let v(q) = 4*f(q) - 7*h(q). Determine v(-5).
31
Let f be (-15)/(-27)*(-708)/(-590). Let w(n) be the first derivative of -f*n**3 - n - 1/4*n**4 + 1/2*n**2 - 12. Determine w(-3).
5
Let u(h) = 6*h - 17. Let x be u(14). Let b = 71 - x. Let n(a) be the first derivative of a**3/3 - 3*a**2 + 2*a - 32. Calculate n(b).
-6
Suppose 2*i - 5*x = 0, -93*i - x = -97*i - 36. Let n(d) = -d**2 + 2*d + 124. Determine n(i).
4
Let a(w) = 8*w + 46. Let u be a(-6). Let q(i) = 3*i**2 + i + 2. Let f(n) = n**3 - 10*n**2 - 3*n - 6. Let p(m) = -2*f(m) - 7*q(m). What is p(u)?
12
Let f(z) = 2*z**2 + z + 1. Let x(k) = k**2 + 15*k - 101. Let v be x(-20). Let n(w) = w**2 - 4*w - 5. Let u(b) = v*f(b) + n(b). Give u(-7).
-20
Let h(z) = z - 133. Let y(s) = -s + 196. Let k(d) = 3*h(d) + 2*y(d). Determine k(10).
3
Let s = 3982 - 4016. Let a(u) = -u**2 - 31*u + 96. What is a(s)?
-6
Let o(b) be the third derivative of -3*b**6/20 + b**4/8 - b**3/2 - 2*b**2 - 2*b + 2774. What is o(-2)?
135
Let q(x) = -2*x - 2. Let t(l) = l**3 - 21*l**2 - 4*l - 26. Let p(r) = -3*q(r) + t(r). Determine p(21).
22
Let p(s) = -2*s + 49. Let t be p(23). Let f(q) = -t - 7 + 3783*q - 3810*q + 2*q**3 - 26*q**2. Let a be f(14). Let d(h) = h**2 - 6*h + 6. Calculate d(a).
-2
Let r(p) be the third derivative of -p**6/60 - 13*p**5/15 - 49*p**4/24 + 23*p**3/6 + 60*p**2 + 62. Determine r(-25).
-2
Suppose 0*p + 0*p + 11*p + 33 = 0. Let j(h) = 5*h**3 - h**2 - 4*h + 1. Let z(w) = 4*w**3 - w**2 - 4*w + 1. Let t(d) = -5*j(d) + 6*z(d). What is t(p)?
31
Let b(j) = -j**2 + 6*j - 2. Let y = -129 - -109. Let o = -17 - y. Calculate b(o).
7
Let h(c) be the third derivative of -c**5/60 - 5*c**4/3 - 104*c**3/3 - 587*c**2 + 2. Give h(-6).
-4
Let w(g) = -27*g**2 + 2*g + 1. Let s(j) = j**2 + 1. Let k(u) = 4*u**2 + 17*u + 34. Let t(r) = -k(r) + 3*s(r). Let b be t(-2). What is w(b)?
-28
Let n(m) = 2*m**2 + 1. Suppose -8*p + 21 = -3. Let c(w) = -2*w**3 - 4 + 0 + 5*w**2 + 3*w**p + 5. Let a be c(-5). Give n(a).
3
Suppose -192 = -28*m + 16*m. Let z = m + -9. Let o(k) = -2*k**2 - 9*k - 6. Let c(l) = -3*l**2 - 17*l - 11. Let q(i) = 3*c(i) - 5*o(i). Give q(z).
4
Let s be 1/(1/10*(-5)/4). Let n(c) = 7*c**3 + 13*c**2 + 14*c - 5. Let h(j) = -3*j**3 - 7*j**2 - 7*j + 3. Let u(z) = 5*h(z) + 2*n(z). What is u(s)?
-3
Let t(c) = c - 67. Let n(b) = 80. Let a(p) = 5*n(p) + 6*t(p). Calculate a(0).
-2
Suppose 38*u + 1069 = 318*u - 1171. Let k(v) = 2 + 3 + 0*v**3 + 7*v**2 + 7*v - v**3. Give k(u).
-3
Suppose -2795 = -158*p - 128*p + 71*p. Let z(k) be the third derivative of -k**5/60 + k**4/2 + 13*k**3/6 + k**2. What is z(p)?
0
Let j = -17157 + 17156. Let s(m) = 33*m + 35. What is s(j)?
2
Let k(o) = 4*o + 5. Suppose 0 = -8*p + 35*p. Let i be (p/6)/4 - (0 + 2). Determine k(i).
-3
Let m = 192 + -122. Suppose 0 = 9*l - 11 - m. Let s(p) = -4*p + 9. Determine s(l).
-27
Let s(p) = p**2 + 67*p + 199. Let o = -4927 + 4924. Calculate s(o).
7
Let v(m) = -40 + 3*m**3 + 3*m - 2*m - 3*m. Let z(o) = 4*o**3 - 3*o - 60. Let b(u) = 7*v(u) - 5*z(u). Let h = -50 - -50. Calculate b(h).
20
Let r(g) = g**3 + 6*g**2 - 17*g - 15. Suppose -172*h + 173*h - 2 = 5*t, 3*h + 20 = 2*t. What is r(h)?
-7
Suppose -u + 4*w - 131 = -143, 0 = -5*u + 3*w + 43. Let r(v) = -v - 11. Determine r(u).
-19
Suppose 13*m - 541 = -463. Let l(p) = 7*p - 19. Give l(m).
23
Let j(g) = 92 - 15*g + 90 - 178. Let m(h) = h**3 + 5*h**2 - 5*h + 9. Let t be m(-6). Determine j(t).
-41
Suppose 0 - 16 = -4*i, -4*i - 878 = -3*x. Let s(g) = 147 - x + 150 - 4*g. What is s(-2)?
7
Let d be 15/5*(2 + 4/(-3)). Let u(x) = 5*x**3 + 6*x**2 - x - 8. Let l(h) = -2*h**3 - 3*h**2 + h + 3. Let s(f) = 7*l(f) + 3*u(f). Determine s(d).
1
Suppose -10*b + 7 = -11*b. Let s(z) = -z**3 + 3*z**2 - 3*z - 4. Let c be s(3). Let h be (c/(-39))/(1 + b/6). Let l(x) = 2*x**2 - 2*x. Give l(h).
12
Let l(s) be the second derivative of s**5/120 + s**4/3 - s**3 - 7*s**2/2 - s - 11. Let g(p) be the second derivative of l(p). What is g(-6)?
2
Let m(u) = u**3 + 14*u**2 + 9*u - 16. Let h(c) = -213*c + 11276. Let r be h(53). Determine m(r).
36
Let n(h) = 3*h**2 - 3*h + 18. Let w(j) = -10*j**2 + 7*j - 58. Let k(d) = -7*n(d) - 2*w(d). Determine k(4).
2
Let z(h) = 182*h + 1281. Let m(p) = 37*p + 255. Let w(d) = -14*m(d) + 3*z(d). Give w(-10).
-7
Let a(z) = 2*z**2 + 36*z - 35. Let y be a(-19). Let x(k) = 9*k + 7. Give x(y).
34
Let w(l) = l**3 + 22*l**2 - 47*l + 7. Suppose -4*p - p + 3*z = 111, p - z = -21. Calculate w(p).
-17
Let p(w) be the third derivative of -w**5/60 - 5*w**4/12 + 5*w**3/6 + 51*w**2 + 3. Suppose -5*v + 26 = -2*m - v, 4*v + 10 = -2*m. Determine p(m).
14
Suppose -4*n + 0*n = -8. Let k(x) = 0*x**2 + 2 - 1 + n*x - x**2. Suppose 11015 = -44*t + 10927. Calculate k(t).
-7
Let z(u) be the first derivative of -2*u**3/3 - 14*u**2 - 16*u + 4869. Calculate z(-12).
32
Suppose 4 = -4*v + h + 14, -3*v + 3*h + 3 = 0. Let c(y) = -3*y**2 - 2*y**2 + 86*y**3 - 85*y**v - 3. Calculate c(5).
-3
Let j = -166 + 118. Let i = 41 - -2. Let v = i + j. Let t(a) = a**2 + 5*a - 1. What is t(v)?
-1
Let a(i) = -2*i + 24. Let p = -11818 - -11825. Give a(p).
10
Let i(g) = -9*g + 2. Let d(n) = 32*n - 6. Let k(t) = 4*d(t) + 14*i(t). Let s(w) = 8*w - 13. Let y be s(5). Let o = 23 - y. Give k(o).
-4
Let y(h) = 4 + 9 - 3*h + 2 - 20 + 2*h**2 - 8*h**3. What is y(-2)?
73
Let f = 8138 - 8111. Let v(b) = -2*b + 47. What is v(f)?
-7
Suppose 0 = 50*n - 49*n - 6. Let o(x) be the first derivative of -x**4/4 + 7*x**3/3 - 7*x**2/2 - 4*x - 1. What is o(n)?
-10
Let p(m) = -m**2 + 23*m - 56. Let c be p(3). Let h(q) = -8*q + 6 - 7 - q**3 + 0*q + 13*q**2 - c*q**2 - 8. Determine h(8).
-9
Let g be -2*49/(-28)*2. Let x(z) = g - 4 + 5*z + 13*z - 3*z**2 - 21*z. Calculate x(2).
-15
Let i(d) = d**3 + 8*d**2 + 5*d + 3. Let k = -73 - -78. Let j be 6*1*(k + (-76)/12). What is i(j)?
-37
Let u(v) = -3*v**2 + 1. Let i = -32 - -23. Let n(y) = -y**2 - 10*y - 7. Let s be n(i). Suppose -2*g = -f - 7, 3*g + s*f + 7 = -0. Determine u(g).
-2
Let d(c) = 134*c + 2. Let y(w) = 78*w + 1. Let p(g) = -7*d(g) + 12*y(g). What is p(3)?
-8
Let h(q) be the second derivative of 5/12*q**4 - 2*q**2 - 5*q - 1/20*q**5 + 1/6*q**3 + 4. Suppose -2*s + 9 = s. What is h(s)?
17
Suppose 5*k = -4*p + 15, -3*p - 3*k + 2*k = -14. Let n(x) = -x - 3*x**2 + 0*x**3 - 6*x**3 - 3 + p*x**3. Let v = 1801 - 1804. What is n(v)?
0
Let v(s) be the first derivative of s**2 + 5*s + 30857. Suppose 2*y - 18 = -y. Calculate v(y).
17
Suppose 178*v = 37*v - 2256. Let t(m) = m**3 + 16*m**2 - 3*m - 50. Determine t(v).
-2
Let p = -488 - -492. Let z(s) = 8409*s**2 - 8418*s**2 + 4 - p*s**3 + 3*s**3 - 9*s. Give z(-8)